 29*y - 338. Let z be k(9). Suppose 2*d = 191 + 47. Let s = d + z. What are the prime factors of s?
2, 3, 7
Let r = -752 - -747. What are the prime factors of 1*6/r - 21792/(-60)?
2, 181
Let r be (30/45)/(2/6). Suppose 425 = r*h - 619. List the prime factors of h.
2, 3, 29
Let c = 16 + -24. Let n be (0 + c)/(-14 + 16). List the prime factors of (-522)/(-27)*(-6)/n.
29
Let h(a) = -a**3 + 101*a**2 + 791*a - 254. What are the prime factors of h(108)?
2, 41, 43
List the prime factors of 11/((-66)/24) + ((-49680)/5)/(-3).
2, 827
Suppose 0 = 30*t - 25933 - 27197. What are the prime factors of t?
7, 11, 23
Suppose -550 = 6*m + 3482. List the prime factors of (-22)/16 + 1 - 578172/m.
2, 5, 43
Suppose 0 = 13*b - 18 - 8. List the prime factors of b/3*444/37.
2
Let n(u) = -2*u + 12. Let g be 5/25 + (-16)/5 - -5. Let j be n(g). Let h(t) = 12*t - 10. List the prime factors of h(j).
2, 43
Suppose -2*t - 4*m - 1666 = 0, -4*t = -3*t + m + 835. Let d = -697 - t. What are the prime factors of d?
2, 5, 7
Let y be (-154)/(-3) - 2/6. Let w = -153 + y. Let v = 284 + w. List the prime factors of v.
2, 7, 13
Let d(v) = 21*v - 14. Suppose -5*i - 35 = -5*c, -2*i - 3 = -5*c + 23. Suppose 16 = c*z - 0. List the prime factors of d(z).
2, 5, 7
Let b(p) = 3*p**3 + 3*p**2 - 3*p - 1. Let y be b(1). Let t = -29 + 32. Suppose 0 = -3*d - t*x + 4*x + 388, y*x = 2*d - 256. List the prime factors of d.
2, 5, 13
Suppose -131*l - 97647 + 1651831 = 0. What are the prime factors of l?
2, 1483
Let v be (21/(-7) - 5)/((-1)/(-30)). Let r = -154 - v. List the prime factors of r.
2, 43
Suppose -3*j - 5*s + 94908 = 0, 25*j - 24*j - 2*s - 31636 = 0. What are the prime factors of j?
2, 11, 719
Let m(r) = -r + 2. Let f be m(10). Let g(q) = 2*q**2 + 17*q + 2. Let z be g(f). List the prime factors of (-1386)/z - (0 - -1).
2, 5, 23
Suppose 99536 + 300544 = 20*z. List the prime factors of z.
2, 3, 1667
Let b = 17436 + -6314. List the prime factors of b.
2, 67, 83
Let o(t) = -50 + 45*t + 2077*t**2 - 2078*t**2 - 10. List the prime factors of o(21).
2, 3, 37
Let i = -250 - -809. Let j(a) = a**3 - 4*a**2 + 3*a + 3. Let w be j(3). Suppose -3*c = -d - i, -w*c = -0*d - 3*d - 561. What are the prime factors of c?
2, 3, 31
Suppose -3*x + 2*z = -8, -1 - 12 = -4*x + 5*z. Suppose 0 = -22*j + 19*j + 57. Let g = x + j. List the prime factors of g.
3, 7
Suppose -6*a + 163 = 7. Suppose 2*n - 70 = -4*g + a, -3*g + 95 = 2*n. List the prime factors of n.
2, 23
Let b be (2 - 5)/(17/((-8670)/9)). Suppose 112 = f - b. List the prime factors of f.
2, 3, 47
Let a = -26184 + 38504. What are the prime factors of a?
2, 5, 7, 11
Let r(g) = 330*g - 3167. What are the prime factors of r(70)?
31, 643
Let i(a) = 2*a**2 + 47*a + 79. Let s be i(-37). Suppose -9*r + s = -6509. List the prime factors of r.
3, 281
Let x(v) = 59*v**2 + 264*v - 37. List the prime factors of x(19).
2, 7, 1877
Let v(y) = 4800*y**2 + 103*y - 43. What are the prime factors of v(4)?
3, 29, 887
List the prime factors of 188/21*141*49/14 - 3.
5, 883
Let y(s) = -s**2 + 10*s + 7. Let u be y(11). Let o(p) = 13*p**2 + 8*p + 42. List the prime factors of o(u).
2, 109
Let h(y) = -19*y + 869. What are the prime factors of h(41)?
2, 3, 5
Let u be ((-16)/(-5))/(68/(-2210)). Let x = 29 - u. List the prime factors of x.
7, 19
Suppose 6*d - 3*d - 28 = -5*m, 0 = 5*d - 4*m + 15. What are the prime factors of 0 + (-4 + d - -3) - -77?
7, 11
List the prime factors of (192/88 - 2) + (-163874)/(-22).
3, 13, 191
Let b be (480/84)/(1/7). Suppose 0 = 35*i - b*i + 1575. What are the prime factors of i?
3, 5, 7
Let v(p) = -11*p + 90. Let h be (-414)/22 - 16/88. What are the prime factors of v(h)?
13, 23
Let h be 3 - 2/6 - 6/9. Suppose 3*x - h*d = 2, 4*x = 4*d + 2 + 2. Suppose 539 = 5*y - 2*a, -3*a + x*a - 427 = -4*y. List the prime factors of y.
109
Suppose 575*x - 3168608 = 492*x. What are the prime factors of x?
2, 1193
Suppose -163 = 7*r - 6*r. Let q = 595 + r. List the prime factors of q.
2, 3
Let f = -10491 + 32708. List the prime factors of f.
13, 1709
Let b(p) = -238*p + 5238. List the prime factors of b(0).
2, 3, 97
Suppose -41573*t = -41590*t + 557447. What are the prime factors of t?
11, 271
Let q be 34925/110 + 2/4. Let r = q + -196. List the prime factors of r.
2, 61
Let i be 0 - (-5)/1 - 2. Suppose 4*f - 4404 = -i*a, 39*f - 34*f + 5*a - 5500 = 0. List the prime factors of f.
2, 3, 23
Let f(x) = 63*x - 28. Suppose 14 = -17*j + 184. List the prime factors of f(j).
2, 7, 43
Let y = -442 - -523. What are the prime factors of y/(-3)*(-17 - 28)?
3, 5
Let m be (6/8)/((-9)/(-108)). Suppose 38 - 245 = -m*q. List the prime factors of q.
23
Let j(t) = t + 77. Let i be j(-9). Let k(o) = 2*o - i - 2*o + 21*o**2 + 67. List the prime factors of k(-1).
2, 5
Let a(j) = 68*j - 188. Let m(w) = -8*w + 239. Let u be m(27). What are the prime factors of a(u)?
2, 43
Suppose -11*f + 78827 = -105211 + 6146. List the prime factors of f.
2, 13, 311
Let s(k) = -22*k - 74. Suppose 3*q + 2*o = -54, 3*o = -3*q + 7*q + 72. What are the prime factors of s(q)?
2, 7, 23
List the prime factors of (75*(-60)/100)/(6/(-820)).
2, 3, 5, 41
Let o be 0*((-80)/25 - -3). Suppose 3*i - 9*i + 12 = o. List the prime factors of i/12 + (-3126)/(-36).
3, 29
Let y = -455 + 455. Suppose -3*n + 5*d + 3873 = y, d = -4*n + 2412 + 2752. What are the prime factors of n?
1291
Suppose 10*z + 40 + 0 = 0. Let w(s) be the second derivative of -9*s**3/2 - s**2/2 - 3*s. What are the prime factors of w(z)?
107
Let x(j) = -j**3 + 13*j**2 + 31*j - 19. Let g = -613 - -624. List the prime factors of x(g).
2, 3, 47
Suppose -5*s + 35 = -g, 3*g + 267 = -2*g + 2*s. Suppose -16*f + 1280 + 416 = 0. Let z = f + g. What are the prime factors of z?
3, 17
Let o(q) = 3*q**3 + 39*q**2 - 25*q + 12. What are the prime factors of o(15)?
3, 37, 167
Suppose -4*n - 4*d = 1944, -2 = 5*d - 27. Let h = 178 - n. What are the prime factors of h?
3, 223
Suppose 3*k - 3*c = 33495, 521*k - 55817 = 516*k + 4*c. List the prime factors of k.
3, 3719
Suppose 9*z = 2*z + 28. List the prime factors of -2 + 392 - z - 2.
2, 3
Let k be 108 + (20/12)/((-4)/12). Suppose -4*q + k = -485. What are the prime factors of q?
3, 7
Suppose -4*l - 5*k + 59 = -40, -2*k + 48 = 2*l. Suppose -1476 = 19*r - l*r. List the prime factors of r.
2, 3, 41
Let q be 5/(20/16)*2/4. Suppose q*b + 12 = -0*b. List the prime factors of 15/b*196/(-5).
2, 7
Suppose -510 = -6*x + 834. Suppose -4*n - x = 116. Let r = n - -92. What are the prime factors of r?
7
Suppose 16*h = -16*h + 22976. Let i = h + -577. What are the prime factors of i?
3, 47
Suppose -3*m - 5*y + 20922 = -58332, 3*m = -4*y + 79248. What are the prime factors of m?
2, 3301
Suppose -3*t = -s - 4201, 3*t - 3*s - 371 = 3826. List the prime factors of t.
3, 467
Let y(k) = 104*k + 2. Let g be y(5). Let a = g - 330. List the prime factors of a.
2, 3
Let w = 390 - 387. Suppose -12 = w*k, -7*g + 2*g - 5*k = -4520. List the prime factors of g.
2, 227
Let o = 42351 + -29342. What are the prime factors of o?
13009
Let t(u) = 6*u**3 - u + 1. Let w be t(1). Suppose 6801 + 5313 = w*z. List the prime factors of z.
3, 673
Suppose 2*i - 2*n = 1072, 4*n + 0*n = -i + 551. Suppose -797 - i = -4*f - 2*p, -2*f = -2*p - 662. List the prime factors of f.
3, 37
Suppose -3*n + 0*l - 3*l - 180 = 0, -2*n - l = 121. Let r = -8 - n. Let k = 86 - r. List the prime factors of k.
3, 11
What are the prime factors of 62150/33*(-26*5/(-20) - -4)?
5, 7, 113
Suppose -25802*p + 25812*p = -1920. Suppose -4*x + 2*w = 418, x = 3*w + 2*w - 82. Let a = x - p. List the prime factors of a.
5, 17
Let y(g) = 79*g**3 - 4*g**2 + 6*g + 6. List the prime factors of y(5).
9811
Let o be -4 - 15/(-6)*82. Let u = -23 - -167. Let p = o - u. List the prime factors of p.
3, 19
Suppose t + 5*v - 25599 = 0, -102496 = -4*t + 852*v - 847*v. What are the prime factors of t?
11, 17, 137
Let j(p) = 80*p + 85. What are the prime factors of j(40)?
3, 5, 73
Let h(x) = 759*x**2 + 5*x - 5. What are the prime factors of h(-4)?
12119
Suppose 0 = -5*d + i + 45, 6*d + 4*i - 60 = 2*d. Let x be d/75 - (-118)/15. Suppose x*k = 450 - 162. What are the prime factors of k?
2, 3
Let v = 1931 + -644. List the prime factors of 11/22*(-1 + v).
643
Let n(m) = 1450*m**2 - 209*m - 839. List the prime factors of n(-4).
